git of 24828706?
8
What is the ten thousands digit of 65141448?
4
What is the hundreds digit of 38865449?
4
What is the millions digit of 44325877?
4
What is the millions digit of 3279741209?
9
What is the thousands digit of 1367028770?
8
What is the billions digit of 1408956422?
1
What is the hundred millions digit of 513236165?
5
What is the hundred millions digit of 9383349128?
3
What is the hundred thousands digit of 980726712?
7
What is the ten thousands digit of 161676654?
7
What is the thousands digit of 175832958?
2
What is the hundred millions digit of 170140254?
1
What is the ten millions digit of 380344280?
8
What is the tens digit of 88389346?
4
What is the hundred millions digit of 201865211?
2
What is the millions digit of 1167749673?
7
What is the hundred thousands digit of 503593277?
5
What is the tens digit of 22071482?
8
What is the ten thousands digit of 45440267?
4
What is the ten thousands digit of 354282087?
8
What is the hundred millions digit of 1005597344?
0
What is the ten millions digit of 164785085?
6
What is the ten thousands digit of 11505194?
0
What is the hundred thousands digit of 6199504?
1
What is the units digit of 48838348?
8
What is the hundred millions digit of 3343068551?
3
What is the hundreds digit of 1518652722?
7
What is the thousands digit of 188896181?
6
What is the thousands digit of 3049985373?
5
What is the hundred thousands digit of 47827457?
8
What is the ten millions digit of 61247459?
6
What is the units digit of 66431855?
5
What is the units digit of 5549716189?
9
What is the ten thousands digit of 413097313?
9
What is the hundred thousands digit of 4522510?
5
What is the thousands digit of 3865851628?
1
What is the ten millions digit of 3168523967?
6
What is the ten millions digit of 267890497?
6
What is the ten millions digit of 2183795599?
8
What is the ten thousands digit of 329217808?
1
What is the units digit of 167302398?
8
What is the ten millions digit of 131301593?
3
What is the ten millions digit of 4701054636?
0
What is the tens digit of 4500215799?
9
What is the hundred millions digit of 1981503399?
9
What is the ten thousands digit of 488745177?
4
What is the hundred thousands digit of 53405744?
4
What is the millions digit of 3399066198?
9
What is the units digit of 39832633?
3
What is the ten thousands digit of 88376504?
7
What is the ten thousands digit of 140558407?
5
What is the thousands digit of 156780237?
0
What is the hundreds digit of 775988425?
4
What is the hundreds digit of 5883753?
7
What is the hundred thousands digit of 73880685?
8
What is the thousands digit of 2187989188?
9
What is the ten thousands digit of 42039685?
3
What is the millions digit of 1352513806?
2
What is the millions digit of 7131994441?
1
What is the thousands digit of 1160770880?
0
What is the ten thousands digit of 1820585?
2
What is the tens digit of 623595868?
6
What is the tens digit of 168282525?
2
What is the hundred millions digit of 650551097?
6
What is the units digit of 1416851870?
0
What is the millions digit of 127287689?
7
What is the hundred thousands digit of 366700314?
7
What is the units digit of 238927657?
7
What is the ten thousands digit of 156268506?
6
What is the ten millions digit of 343503399?
4
What is the units digit of 190385501?
1
What is the units digit of 512655627?
7
What is the ten thousands digit of 1308050648?
5
What is the ten thousands digit of 470173122?
7
What is the thousands digit of 237300343?
0
What is the thousands digit of 5227121?
7
What is the millions digit of 9241256?
9
What is the hundred millions digit of 524163783?
5
What is the hundred millions digit of 118645962?
1
What is the hundred millions digit of 1611933874?
6
What is the thousands digit of 223896151?
6
What is the ten thousands digit of 35100976?
0
What is the ten millions digit of 973111876?
7
What is the ten millions digit of 14560775?
1
What is the hundred millions digit of 2729270390?
7
What is the tens digit of 214716834?
3
What is the tens digit of 8325848546?
4
What is the hundreds digit of 44999281?
2
What is the ten thousands digit of 5449405411?
0
What is the ten millions digit of 1641627258?
4
What is the units digit of 819423634?
4
What is the ten thousands digit of 920548638?
4
What is the billions digit of 5742631380?
5
What is the tens digit of 1334287830?
3
What is the units digit of 598522865?
5
What is the thousands digit of 639615694?
5
What is the thousands digit of 30648678?
8
What is the millions digit of 1658316187?
8
What is the hundred millions digit of 161395333?
1
What is the tens digit of 29432434?
3
What is the ten thousands digit of 322131275?
3
What is the hundred millions digit of 1023553961?
0
What is the ten millions digit of 30221329?
3
What is the hundred millions digit of 5742093415?
7
What is the units digit of 79556065?
5
What is the ten millions digit of 978985960?
7
What is the millions digit of 185862773?
5
What is the hundred millions digit of 1185731100?
1
What is the millions digit of 9782977?
9
What is the billions digit of 4019209648?
4
What is the hundred thousands digit of 696225589?
2
What is the hundred thousands digit of 153976076?
9
What is the tens digit of 40297981?
8
What is the hundred thousands digit of 529534365?
5
What is the thousands digit of 890333277?
3
What is the tens digit of 126637988?
8
What is the ten thousands digit of 621933798?
3
What is the tens digit of 188511827?
2
What is the hundred thousands digit of 86944639?
9
What is the ten millions digit of 38447535?
3
What is the ten millions digit of 16029518?
1
What is the hundreds digit of 3276803114?
1
What is the millions digit of 33908367?
3
What is the millions digit of 375234846?
5
What is the hundred millions digit of 2770817429?
7
What is the ten thousands digit of 122813824?
1
What is the units digit of 1775989615?
5
What is the hundred thousands digit of 2496355728?
3
What is the thousands digit of 2984536211?
6
What is the ten millions digit of 12086619?
1
What is the ten thousands digit of 693594096?
9
What is the ten thousands digit of 48992321?
9
What is the thousands digit of 513912018?
2
What is the millions digit of 229541301?
9
What is the ten thousands digit of 657272672?
7
What is the ten millions digit of 160841979?
6
What is the millions digit of 58001371?
8
What is the units digit of 1156477682?
2
What is the ten millions digit of 1690702512?
9
What is the hundreds digit of 13626358?
3
What is the millions digit of 51343860?
1
What is the hundred millions digit of 343414744?
3
What is the tens digit of 175183527?
2
What is the millions digit of 114153868?
4
What is the ten thousands digit of 411312982?
1
What is the ten millions digit of 848590110?
4
What is the tens digit of 46940997?
9
What is the hundred thousands digit of 80851425?
8
What is the millions digit of 155145705?
5
What is the millions digit of 11374866?
1
What is the billions digit of 2038143018?
2
What is the millions digit of 8886595?
8
What is the ten thousands digit of 196831779?
3
What is the ten millions digit of 7596729759?
9
What is the ten thousands digit of 845651081?
5
What is the tens digit of 1470969375?
7
What is the tens digit of 338501681?
8
What is the hundred thousands digit of 2747233204?
2
What is the ten millions digit of 180086539?
8
What is the hundreds digit of 256650431?
4
What is the millions digit of 1729421515?
9
What is the units digit of 158026816?
6
What is the billions digit of 2301880420?
2
What is the ten millions digit of 244243423?
4
What is the hundred thousands digit of 633665353?
6
What is the ten thousands digit of 168632003?
3
What is the tens digit of 4522672363?
6
What is the thousands digit of 107396419?
6
What is the hundreds digit of 36355342?
3
What is the units digit of 467226343?
3
What is the billions digit of 2339863617?
2
What is the millions digit of 1205067264?
5
What is the millions digit of 304976066?
4
What is the ten millions digit of 709652597?
0
What is the tens digit of 85067046?
4
What is the millions digit of 1210001765?
0
What is the units digit of 67010472?
2
What is the ten thousands digit of 5815603?
1
What is the ten thousands digit of 97546543?
4
What is the tens digit of 8974450653?
5
What is the unit